{"id":5,"date":"2021-04-06T12:56:13","date_gmt":"2021-04-06T12:56:13","guid":{"rendered":"https:\/\/sv-stargarder.de\/?page_id=5"},"modified":"2025-08-17T08:45:29","modified_gmt":"2025-08-17T08:45:29","slug":"willkommen-auf-https-sv-stargarder-de-2","status":"publish","type":"page","link":"https:\/\/sv-stargarder.de\/","title":{"rendered":"Herzlich Willkommen"},"content":{"rendered":"\n<p>Sch\u00f6n das Sie unsere Homepage besuchen und sich f\u00fcr eine Rasse interessieren. Wir wollen auf diesem Wege eine F\u00fclle an Informationen \u00fcber unseren Verein und Rasse verbreiten.<\/p>\n\n\n\n<p>F\u00fcr Fragen stehen wir Ihnen gerne zur Verf\u00fcgung<\/p>\n\n\n\n<p>Kai Schnellb\u00e4cher<\/p>\n\n\n\n<p class=\"has-text-align-center has-large-font-size\"><\/p>\n\n\n\n<p><\/p>\n\n\n<div class=\"pt-cv-wrapper\"><div class=\"pt-cv-view pt-cv-grid pt-cv-colsys\" id=\"pt-cv-view-5a88f77d3n\"><div data-id=\"pt-cv-page-1\" class=\"pt-cv-page\" data-cvc=\"2\"><div class=\"col-md-6 col-sm-6 col-xs-12 pt-cv-content-item pt-cv-1-col\" ><div class='pt-cv-ifield'><a href=\"https:\/\/sv-stargarder.de\/?p=912\" class=\"_self pt-cv-href-thumbnail pt-cv-thumb-default\" target=\"_self\" ><img loading=\"lazy\" decoding=\"async\" width=\"213\" height=\"300\" src=\"https:\/\/sv-stargarder.de\/wp-content\/uploads\/2025\/12\/Creuzburg-213x300.png\" class=\"pt-cv-thumbnail\" alt=\"\" srcset=\"https:\/\/sv-stargarder.de\/wp-content\/uploads\/2025\/12\/Creuzburg-213x300.png 213w, https:\/\/sv-stargarder.de\/wp-content\/uploads\/2025\/12\/Creuzburg.png 629w\" sizes=\"auto, (max-width: 213px) 100vw, 213px\" \/><\/a>\n<h4 class=\"pt-cv-title\"><a href=\"https:\/\/sv-stargarder.de\/?p=912\" class=\"_self\" target=\"_self\" >Hauptsonderschau in Creuzburg<\/a><\/h4>\n<div class=\"pt-cv-content\">Die Meldezahlen f\u00fcr unsere Hauptsonderschau in Creuzburg stehen fest. Gemeldet ...<br \/><div class=\"pt-cv-rmwrap\"><a href=\"https:\/\/sv-stargarder.de\/?p=912\" class=\"_self pt-cv-readmore btn btn-success\" target=\"_self\">Weiterlesen \u2026<\/a><\/div><\/div><\/div><\/div>\n<div class=\"col-md-6 col-sm-6 col-xs-12 pt-cv-content-item pt-cv-1-col\" ><div class='pt-cv-ifield'><a href=\"https:\/\/sv-stargarder.de\/?p=907\" class=\"_self pt-cv-href-thumbnail pt-cv-thumb-default\" target=\"_self\" ><img loading=\"lazy\" decoding=\"async\" width=\"300\" height=\"225\" src=\"https:\/\/sv-stargarder.de\/wp-content\/uploads\/2025\/10\/Bilder-001-300x225.jpg\" class=\"pt-cv-thumbnail\" alt=\"\" srcset=\"https:\/\/sv-stargarder.de\/wp-content\/uploads\/2025\/10\/Bilder-001-300x225.jpg 300w, https:\/\/sv-stargarder.de\/wp-content\/uploads\/2025\/10\/Bilder-001-1024x768.jpg 1024w, https:\/\/sv-stargarder.de\/wp-content\/uploads\/2025\/10\/Bilder-001-768x576.jpg 768w, https:\/\/sv-stargarder.de\/wp-content\/uploads\/2025\/10\/Bilder-001-1536x1152.jpg 1536w, https:\/\/sv-stargarder.de\/wp-content\/uploads\/2025\/10\/Bilder-001.jpg 2048w\" sizes=\"auto, (max-width: 300px) 100vw, 300px\" \/><\/a>\n<h4 class=\"pt-cv-title\"><a href=\"https:\/\/sv-stargarder.de\/?p=907\" class=\"_self\" target=\"_self\" >In Gedenken an Joachim Sell<\/a><\/h4>\n<div class=\"pt-cv-content\">Sein Bruder Axel Sell hat uns letzte Woche dar\u00fcber informiert, ...<br \/><div class=\"pt-cv-rmwrap\"><a href=\"https:\/\/sv-stargarder.de\/?p=907\" class=\"_self pt-cv-readmore btn btn-success\" target=\"_self\">Weiterlesen \u2026<\/a><\/div><\/div><\/div><\/div>\n<div class=\"col-md-6 col-sm-6 col-xs-12 pt-cv-content-item pt-cv-1-col\" ><div class='pt-cv-ifield'><a href=\"https:\/\/sv-stargarder.de\/?p=904\" class=\"_self pt-cv-href-thumbnail pt-cv-thumb-default\" target=\"_self\" ><img loading=\"lazy\" decoding=\"async\" width=\"300\" height=\"300\" src=\"https:\/\/sv-stargarder.de\/wp-content\/uploads\/2021\/04\/cropped-Emblem_Jub-300x300.jpg\" class=\"pt-cv-thumbnail\" alt=\"\" srcset=\"https:\/\/sv-stargarder.de\/wp-content\/uploads\/2021\/04\/cropped-Emblem_Jub-300x300.jpg 300w, https:\/\/sv-stargarder.de\/wp-content\/uploads\/2021\/04\/cropped-Emblem_Jub-150x150.jpg 150w, https:\/\/sv-stargarder.de\/wp-content\/uploads\/2021\/04\/cropped-Emblem_Jub-270x270.jpg 270w, https:\/\/sv-stargarder.de\/wp-content\/uploads\/2021\/04\/cropped-Emblem_Jub-192x192.jpg 192w, https:\/\/sv-stargarder.de\/wp-content\/uploads\/2021\/04\/cropped-Emblem_Jub-180x180.jpg 180w, https:\/\/sv-stargarder.de\/wp-content\/uploads\/2021\/04\/cropped-Emblem_Jub-32x32.jpg 32w, https:\/\/sv-stargarder.de\/wp-content\/uploads\/2021\/04\/cropped-Emblem_Jub.jpg 512w\" sizes=\"auto, (max-width: 300px) 100vw, 300px\" \/><\/a>\n<h4 class=\"pt-cv-title\"><a href=\"https:\/\/sv-stargarder.de\/?p=904\" class=\"_self\" target=\"_self\" >Hauptsonderschau und Jahreshauptversammlung<\/a><\/h4>\n<div class=\"pt-cv-content\">Auf folgenden Seiten sind alle Informationen zur Hauptsonderschau in Creuzburg ...<br \/><div class=\"pt-cv-rmwrap\"><a href=\"https:\/\/sv-stargarder.de\/?p=904\" class=\"_self pt-cv-readmore btn btn-success\" target=\"_self\">Weiterlesen \u2026<\/a><\/div><\/div><\/div><\/div>\n<div class=\"col-md-6 col-sm-6 col-xs-12 pt-cv-content-item pt-cv-1-col\" ><div class='pt-cv-ifield'><a href=\"https:\/\/sv-stargarder.de\/?p=893\" class=\"_self pt-cv-href-thumbnail pt-cv-thumb-default\" target=\"_self\" ><img loading=\"lazy\" decoding=\"async\" width=\"300\" height=\"225\" src=\"https:\/\/sv-stargarder.de\/wp-content\/uploads\/2025\/10\/Bilder-001-300x225.jpg\" class=\"pt-cv-thumbnail\" alt=\"\" srcset=\"https:\/\/sv-stargarder.de\/wp-content\/uploads\/2025\/10\/Bilder-001-300x225.jpg 300w, https:\/\/sv-stargarder.de\/wp-content\/uploads\/2025\/10\/Bilder-001-1024x768.jpg 1024w, https:\/\/sv-stargarder.de\/wp-content\/uploads\/2025\/10\/Bilder-001-768x576.jpg 768w, https:\/\/sv-stargarder.de\/wp-content\/uploads\/2025\/10\/Bilder-001-1536x1152.jpg 1536w, https:\/\/sv-stargarder.de\/wp-content\/uploads\/2025\/10\/Bilder-001.jpg 2048w\" sizes=\"auto, (max-width: 300px) 100vw, 300px\" \/><\/a>\n<h4 class=\"pt-cv-title\"><a href=\"https:\/\/sv-stargarder.de\/?p=893\" class=\"_self\" target=\"_self\" >In Gedenken an Willi L\u00f6sch<\/a><\/h4>\n<div class=\"pt-cv-content\">Uns erreichte die traurige Nachricht, dass <strong>Willi L\u00f6sch <\/strong> nach ...<br \/><div class=\"pt-cv-rmwrap\"><a href=\"https:\/\/sv-stargarder.de\/?p=893\" class=\"_self pt-cv-readmore btn btn-success\" target=\"_self\">Weiterlesen \u2026<\/a><\/div><\/div><\/div><\/div>\n<div class=\"col-md-6 col-sm-6 col-xs-12 pt-cv-content-item pt-cv-1-col\" ><div class='pt-cv-ifield'><a href=\"https:\/\/sv-stargarder.de\/?p=885\" class=\"_self pt-cv-href-thumbnail pt-cv-thumb-default\" target=\"_self\" ><img loading=\"lazy\" decoding=\"async\" width=\"300\" height=\"300\" src=\"https:\/\/sv-stargarder.de\/wp-content\/uploads\/2021\/04\/cropped-Emblem_Jub-300x300.jpg\" class=\"pt-cv-thumbnail\" alt=\"\" srcset=\"https:\/\/sv-stargarder.de\/wp-content\/uploads\/2021\/04\/cropped-Emblem_Jub-300x300.jpg 300w, https:\/\/sv-stargarder.de\/wp-content\/uploads\/2021\/04\/cropped-Emblem_Jub-150x150.jpg 150w, https:\/\/sv-stargarder.de\/wp-content\/uploads\/2021\/04\/cropped-Emblem_Jub-270x270.jpg 270w, https:\/\/sv-stargarder.de\/wp-content\/uploads\/2021\/04\/cropped-Emblem_Jub-192x192.jpg 192w, https:\/\/sv-stargarder.de\/wp-content\/uploads\/2021\/04\/cropped-Emblem_Jub-180x180.jpg 180w, https:\/\/sv-stargarder.de\/wp-content\/uploads\/2021\/04\/cropped-Emblem_Jub-32x32.jpg 32w, https:\/\/sv-stargarder.de\/wp-content\/uploads\/2021\/04\/cropped-Emblem_Jub.jpg 512w\" sizes=\"auto, (max-width: 300px) 100vw, 300px\" \/><\/a>\n<h4 class=\"pt-cv-title\"><a href=\"https:\/\/sv-stargarder.de\/?p=885\" class=\"_self\" target=\"_self\" >Hauptsonderschau und Sommertagung<\/a><\/h4>\n<div class=\"pt-cv-content\">Werte Zuchtfreunde und -freundinnen, wie 2024 in der Jahreshauptversammlung beschlossen, ...<br \/><div class=\"pt-cv-rmwrap\"><a href=\"https:\/\/sv-stargarder.de\/?p=885\" class=\"_self pt-cv-readmore btn btn-success\" target=\"_self\">Weiterlesen \u2026<\/a><\/div><\/div><\/div><\/div>\n<div class=\"col-md-6 col-sm-6 col-xs-12 pt-cv-content-item pt-cv-1-col\" ><div class='pt-cv-ifield'><a href=\"https:\/\/sv-stargarder.de\/?p=839\" class=\"_self pt-cv-href-thumbnail pt-cv-thumb-default\" target=\"_self\" ><img loading=\"lazy\" decoding=\"async\" width=\"225\" height=\"300\" src=\"https:\/\/sv-stargarder.de\/wp-content\/uploads\/2025\/01\/7428a82e-e86c-49ca-86b0-cfe91577a5fb-225x300.jpg\" class=\"pt-cv-thumbnail\" alt=\"\" srcset=\"https:\/\/sv-stargarder.de\/wp-content\/uploads\/2025\/01\/7428a82e-e86c-49ca-86b0-cfe91577a5fb-225x300.jpg 225w, https:\/\/sv-stargarder.de\/wp-content\/uploads\/2025\/01\/7428a82e-e86c-49ca-86b0-cfe91577a5fb-768x1024.jpg 768w, https:\/\/sv-stargarder.de\/wp-content\/uploads\/2025\/01\/7428a82e-e86c-49ca-86b0-cfe91577a5fb-1152x1536.jpg 1152w, https:\/\/sv-stargarder.de\/wp-content\/uploads\/2025\/01\/7428a82e-e86c-49ca-86b0-cfe91577a5fb.jpg 1200w\" sizes=\"auto, (max-width: 225px) 100vw, 225px\" \/><\/a>\n<h4 class=\"pt-cv-title\"><a href=\"https:\/\/sv-stargarder.de\/?p=839\" class=\"_self\" target=\"_self\" >Aus dem Stargarder Zitterhals wird der Stargarder T\u00fcmmler<\/a><\/h4>\n<div class=\"pt-cv-content\">Immer wieder wird unser Stargarder anhand seines Namens vorverurteilt, ohne ...<br \/><div class=\"pt-cv-rmwrap\"><a href=\"https:\/\/sv-stargarder.de\/?p=839\" class=\"_self pt-cv-readmore btn btn-success\" target=\"_self\">Weiterlesen \u2026<\/a><\/div><\/div><\/div><\/div>\n<div class=\"col-md-6 col-sm-6 col-xs-12 pt-cv-content-item pt-cv-1-col\" ><div class='pt-cv-ifield'><a href=\"https:\/\/sv-stargarder.de\/?p=814\" class=\"_self pt-cv-href-thumbnail pt-cv-thumb-default\" target=\"_self\" ><img loading=\"lazy\" decoding=\"async\" width=\"300\" height=\"224\" src=\"https:\/\/sv-stargarder.de\/wp-content\/uploads\/2025\/01\/IMG_2685-300x224.jpg\" class=\"pt-cv-thumbnail\" alt=\"\" srcset=\"https:\/\/sv-stargarder.de\/wp-content\/uploads\/2025\/01\/IMG_2685-300x224.jpg 300w, https:\/\/sv-stargarder.de\/wp-content\/uploads\/2025\/01\/IMG_2685-1024x765.jpg 1024w, https:\/\/sv-stargarder.de\/wp-content\/uploads\/2025\/01\/IMG_2685-768x574.jpg 768w, https:\/\/sv-stargarder.de\/wp-content\/uploads\/2025\/01\/IMG_2685.jpg 1536w\" sizes=\"auto, (max-width: 300px) 100vw, 300px\" \/><\/a>\n<h4 class=\"pt-cv-title\"><a href=\"https:\/\/sv-stargarder.de\/?p=814\" class=\"_self\" target=\"_self\" >Deutsche Rassetaubenschau in Erfurt<\/a><\/h4>\n<div class=\"pt-cv-content\">Am vergangenen Wochenende (10. bis 12.Januar 2025) fand in Erfurt ...<br \/><div class=\"pt-cv-rmwrap\"><a href=\"https:\/\/sv-stargarder.de\/?p=814\" class=\"_self pt-cv-readmore btn btn-success\" target=\"_self\">Weiterlesen \u2026<\/a><\/div><\/div><\/div><\/div>\n<div class=\"col-md-6 col-sm-6 col-xs-12 pt-cv-content-item pt-cv-1-col\" ><div class='pt-cv-ifield'><a href=\"https:\/\/sv-stargarder.de\/?p=798\" class=\"_self pt-cv-href-thumbnail pt-cv-thumb-default\" target=\"_self\" ><img loading=\"lazy\" decoding=\"async\" width=\"225\" height=\"300\" src=\"https:\/\/sv-stargarder.de\/wp-content\/uploads\/2025\/01\/1000131809-225x300.jpg\" class=\"pt-cv-thumbnail\" alt=\"\" srcset=\"https:\/\/sv-stargarder.de\/wp-content\/uploads\/2025\/01\/1000131809-225x300.jpg 225w, https:\/\/sv-stargarder.de\/wp-content\/uploads\/2025\/01\/1000131809-768x1024.jpg 768w, https:\/\/sv-stargarder.de\/wp-content\/uploads\/2025\/01\/1000131809-1152x1536.jpg 1152w, https:\/\/sv-stargarder.de\/wp-content\/uploads\/2025\/01\/1000131809-1536x2048.jpg 1536w, https:\/\/sv-stargarder.de\/wp-content\/uploads\/2025\/01\/1000131809-scaled.jpg 1920w\" sizes=\"auto, (max-width: 225px) 100vw, 225px\" \/><\/a>\n<h4 class=\"pt-cv-title\"><a href=\"https:\/\/sv-stargarder.de\/?p=798\" class=\"_self\" target=\"_self\" >Nachlese Hauptsonderschau 2025<\/a><\/h4>\n<div class=\"pt-cv-content\">von Andre' Kugler In diesem Jahr folgenden die Z\u00fcchter den ...<br \/><div class=\"pt-cv-rmwrap\"><a href=\"https:\/\/sv-stargarder.de\/?p=798\" class=\"_self pt-cv-readmore btn btn-success\" target=\"_self\">Weiterlesen \u2026<\/a><\/div><\/div><\/div><\/div>\n<div class=\"col-md-6 col-sm-6 col-xs-12 pt-cv-content-item pt-cv-1-col\" ><div class='pt-cv-ifield'><a href=\"https:\/\/sv-stargarder.de\/?p=787\" class=\"_self pt-cv-href-thumbnail pt-cv-thumb-default\" target=\"_self\" ><img loading=\"lazy\" decoding=\"async\" width=\"207\" height=\"300\" src=\"https:\/\/sv-stargarder.de\/wp-content\/uploads\/2024\/04\/HSS-207x300.jpg\" class=\"pt-cv-thumbnail\" alt=\"\" srcset=\"https:\/\/sv-stargarder.de\/wp-content\/uploads\/2024\/04\/HSS-207x300.jpg 207w, https:\/\/sv-stargarder.de\/wp-content\/uploads\/2024\/04\/HSS.jpg 645w\" sizes=\"auto, (max-width: 207px) 100vw, 207px\" \/><\/a>\n<h4 class=\"pt-cv-title\"><a href=\"https:\/\/sv-stargarder.de\/?p=787\" class=\"_self\" target=\"_self\" >Hauptsonderschau in Zwickau<\/a><\/h4>\n<div class=\"pt-cv-content\">Wir schlie\u00dfen unsere Hauptsonderschau der Saison 2024 \/ 2025 an ...<br \/><div class=\"pt-cv-rmwrap\"><a href=\"https:\/\/sv-stargarder.de\/?p=787\" class=\"_self pt-cv-readmore btn btn-success\" target=\"_self\">Weiterlesen \u2026<\/a><\/div><\/div><\/div><\/div>\n<div class=\"col-md-6 col-sm-6 col-xs-12 pt-cv-content-item pt-cv-1-col\" ><div class='pt-cv-ifield'><a href=\"https:\/\/sv-stargarder.de\/?p=780\" class=\"_self pt-cv-href-thumbnail pt-cv-thumb-default\" target=\"_self\" ><img loading=\"lazy\" decoding=\"async\" width=\"163\" height=\"225\" src=\"https:\/\/sv-stargarder.de\/wp-content\/uploads\/2021\/04\/Hahn.jpg\" class=\"pt-cv-thumbnail\" alt=\"\" \/><\/a>\n<h4 class=\"pt-cv-title\"><a href=\"https:\/\/sv-stargarder.de\/?p=780\" class=\"_self\" target=\"_self\" >In Gedenken an Gerhard Hahn<\/a><\/h4>\n<div class=\"pt-cv-content\">Uns erreichte die traurige Nachricht dass unser langj\u00e4hriges Ehrenmitglied <strong>Gerhard ...<br \/><div class=\"pt-cv-rmwrap\"><a href=\"https:\/\/sv-stargarder.de\/?p=780\" class=\"_self pt-cv-readmore btn btn-success\" target=\"_self\">Weiterlesen \u2026<\/a><\/div><\/strong><\/div><\/div><\/div><\/div><\/div><\/div>\n\n\n\n<p><\/p>\n","protected":false},"excerpt":{"rendered":"<p>Sch\u00f6n das Sie unsere Homepage besuchen und sich f\u00fcr eine Rasse interessieren. Wir wollen auf diesem Wege eine F\u00fclle an [&hellip;]<\/p>\n","protected":false},"author":1,"featured_media":0,"parent":0,"menu_order":0,"comment_status":"closed","ping_status":"open","template":"","meta":{"cybocfi_hide_featured_image":"","footnotes":""},"class_list":["post-5","page","type-page","status-publish","hentry"],"_links":{"self":[{"href":"https:\/\/sv-stargarder.de\/index.php?rest_route=\/wp\/v2\/pages\/5","targetHints":{"allow":["GET"]}}],"collection":[{"href":"https:\/\/sv-stargarder.de\/index.php?rest_route=\/wp\/v2\/pages"}],"about":[{"href":"https:\/\/sv-stargarder.de\/index.php?rest_route=\/wp\/v2\/types\/page"}],"author":[{"embeddable":true,"href":"https:\/\/sv-stargarder.de\/index.php?rest_route=\/wp\/v2\/users\/1"}],"replies":[{"embeddable":true,"href":"https:\/\/sv-stargarder.de\/index.php?rest_route=%2Fwp%2Fv2%2Fcomments&post=5"}],"version-history":[{"count":16,"href":"https:\/\/sv-stargarder.de\/index.php?rest_route=\/wp\/v2\/pages\/5\/revisions"}],"predecessor-version":[{"id":917,"href":"https:\/\/sv-stargarder.de\/index.php?rest_route=\/wp\/v2\/pages\/5\/revisions\/917"}],"wp:attachment":[{"href":"https:\/\/sv-stargarder.de\/index.php?rest_route=%2Fwp%2Fv2%2Fmedia&parent=5"}],"curies":[{"name":"wp","href":"https:\/\/api.w.org\/{rel}","templated":true}]}}