{"id":33,"date":"2021-04-06T13:10:47","date_gmt":"2021-04-06T13:10:47","guid":{"rendered":"https:\/\/sv-stargarder.de\/?page_id=33"},"modified":"2025-02-05T17:55:34","modified_gmt":"2025-02-05T17:55:34","slug":"stargarder-zitterhals","status":"publish","type":"page","link":"https:\/\/sv-stargarder.de\/?page_id=33","title":{"rendered":"Stargarder T\u00fcmmler"},"content":{"rendered":"\n<p><\/p>\n\n\n\n<p><span style=\"font-size: large;\">Wie bei vielen Taubenrassen, ist auch beim Stargarder T\u00fcmmler nicht klar belegt, wann und wie sie entstanden sind. Zirka um 1750 trat der Stargarder vermehrt in Pommern um die Stadt Stargard als Flugtaube in Erscheinung\u00a0 und hat daher ihren ersten Teil des Namens. Rassetypisch wird das Schlagen oder auch Zittern genannt, welche den Rassenamen der Tauben<img loading=\"lazy\" decoding=\"async\" class=\"size-medium wp-image-156 alignright\" src=\"https:\/\/sv-stargarder.de\/wp-content\/uploads\/2021\/04\/Zitterhals3-246x300.jpg\" alt=\"\" width=\"246\" height=\"300\" srcset=\"https:\/\/sv-stargarder.de\/wp-content\/uploads\/2021\/04\/Zitterhals3-246x300.jpg 246w, https:\/\/sv-stargarder.de\/wp-content\/uploads\/2021\/04\/Zitterhals3.bmp 600w\" sizes=\"auto, (max-width: 246px) 100vw, 246px\" \/> abrundet. Derzeit kommt der Stargarder in 12 Farbschl\u00e4gen vor und wird auch als kappige und \/ oder belatschte Strukturvariante\u00a0 gez\u00fcchtet. <\/span><\/p>\n<p><span style=\"font-size: large;\">Rassetypisch ist die waagrechte Haltung, die beim Schlagen nicht ver\u00e4ndert werden darf. Die Zucht des Stargarders\u00a0 stellt f\u00fcr den Z\u00fcchter keine allzu gro\u00dfe Herausforderung dar, da die Brut und Aufzucht der Jungtiere\u00a0 mit einer fast beispiellosen Zuverl\u00e4ssigkeit und Sorgfalt durch das Taubenpaar erfolgt.<\/span><\/p>\n<p>\u00a0<\/p>\n<p>\u00a0<\/p>\n<p>\u00a0<\/p>\n<p><strong>Rassespezifische Berichte:<\/strong><\/p>\n\n\n\n<p><\/p>\n\n\n\n<p><\/p>\n\n\n<div class=\"pt-cv-wrapper\"><div class=\"pt-cv-view pt-cv-collapsible\" id=\"pt-cv-view-fce5773k7i\"><div data-id=\"pt-cv-page-1\" class=\"pt-cv-page\" data-cvc=\"1\"><div class=\"panel-group\" id=\"5d528f6gtz\"><div class=\"panel panel-default pt-cv-content-item pt-cv-2-col\" >\r\n<div class=\"panel-heading pt-cv-title\">\r\n    <a class=\"panel-title\" data-toggle=\"cvcollapse\" data-parent=\"#5d528f6gtz\" data-target=\"#d8a838fktj\" href='https:\/\/sv-stargarder.de\/?p=839' onclick='event.preventDefault()'>\r\n\t\tAus dem Stargarder Zitterhals wird der Stargarder T\u00fcmmler\t<\/a>\r\n\t<\/div>\r\n<div id=\"d8a838fktj\" class=\"panel-collapse collapse \">\r\n\t<div class=\"panel-body\">\r\n\t\t<div class=\"pt-cv-content\">Immer wieder wird unser Stargarder anhand seines Namens vorverurteilt, ohne sich mit der Rasse einmal zu besch\u00e4ftigen oder diese sich ...<br \/><div class=\"pt-cv-rmwrap\"><a href=\"https:\/\/sv-stargarder.de\/?p=839\" class=\"_self pt-cv-readmore btn btn-success\" target=\"_self\">Weiterlesen \u2026<\/a><\/div><\/div>\t<\/div>\r\n<\/div><\/div>\n<div class=\"panel panel-default pt-cv-content-item pt-cv-2-col\" >\r\n<div class=\"panel-heading pt-cv-title\">\r\n    <a class=\"panel-title\" data-toggle=\"cvcollapse\" data-parent=\"#5d528f6gtz\" data-target=\"#4fa7cc23i6\" href='https:\/\/sv-stargarder.de\/?p=380' onclick='event.preventDefault()'>\r\n\t\tFarbtafel Stargarder T\u00fcmmler\t<\/a>\r\n\t<\/div>\r\n<div id=\"4fa7cc23i6\" class=\"panel-collapse collapse \">\r\n\t<div class=\"panel-body\">\r\n\t\t<div class=\"pt-cv-content\">\u00dcbersicht der anerkannten Farbschl\u00e4ge des Stargarder Zitterhalses, wobei zu beachten ist, dass es sich nicht um Farbtauben handelt. Wei\u00dfSchwarzRotGelbBlau mit ...<br \/><div class=\"pt-cv-rmwrap\"><a href=\"https:\/\/sv-stargarder.de\/?p=380\" class=\"_self pt-cv-readmore btn btn-success\" target=\"_self\">Weiterlesen \u2026<\/a><\/div><\/div>\t<\/div>\r\n<\/div><\/div>\n<div class=\"panel panel-default pt-cv-content-item pt-cv-2-col\" >\r\n<div class=\"panel-heading pt-cv-title\">\r\n    <a class=\"panel-title\" data-toggle=\"cvcollapse\" data-parent=\"#5d528f6gtz\" data-target=\"#15a0bd6jdl\" href='https:\/\/sv-stargarder.de\/?p=347' onclick='event.preventDefault()'>\r\n\t\tBeschreibung Stargarder T\u00fcmmler\t<\/a>\r\n\t<\/div>\r\n<div id=\"15a0bd6jdl\" class=\"panel-collapse collapse \">\r\n\t<div class=\"panel-body\">\r\n\t\t<div class=\"pt-cv-content\">Eine kurze Beschreibung, sowie Schaubild der Stargarder Zitterh\u00e4lse Gesamteindruck: Lange, schnittige Taube mit waagrechter Haltung, die beim Schlage \/ Zittern ...<br \/><div class=\"pt-cv-rmwrap\"><a href=\"https:\/\/sv-stargarder.de\/?p=347\" class=\"_self pt-cv-readmore btn btn-success\" target=\"_self\">Weiterlesen \u2026<\/a><\/div><\/div>\t<\/div>\r\n<\/div><\/div>\n<div class=\"panel panel-default pt-cv-content-item pt-cv-2-col\" >\r\n<div class=\"panel-heading pt-cv-title\">\r\n    <a class=\"panel-title\" data-toggle=\"cvcollapse\" data-parent=\"#5d528f6gtz\" data-target=\"#f2f6bb3iyq\" href='https:\/\/sv-stargarder.de\/?p=262' onclick='event.preventDefault()'>\r\n\t\tBewertung bei den Stargarder T\u00fcmmler(Thema \u00dcbertypisierung)\t<\/a>\r\n\t<\/div>\r\n<div id=\"f2f6bb3iyq\" class=\"panel-collapse collapse \">\r\n\t<div class=\"panel-body\">\r\n\t\t<div class=\"pt-cv-content\">Im Rahmen der Bewertung des Stargarder T\u00fcmmlers gibt es einige Punkte zu beachten. Wir als Sonderverein m\u00f6chten damit helfen diese ...<br \/><div class=\"pt-cv-rmwrap\"><a href=\"https:\/\/sv-stargarder.de\/?p=262\" class=\"_self pt-cv-readmore btn btn-success\" target=\"_self\">Weiterlesen \u2026<\/a><\/div><\/div>\t<\/div>\r\n<\/div><\/div><\/div><\/div><\/div><\/div>\n\n\n\n<p>\u00a0<\/p>\n<p>Einige Filme im Netz<\/p>\n<ul>\n<li><a href=\"https:\/\/www.youtube.com\/watch?v=y-3sG3SEz28)\" target=\"_blank\" rel=\"noopener\">Stargarder Zitterhals in Gelbfahl<\/a><\/li>\n<li><a href=\"https:\/\/www.youtube.com\/watch?v=WaNfTbL7log)\">Stargarder Zitterhals in Rot auf der Lipsia 2013<\/a><\/li>\n<li><a href=\"https:\/\/www.youtube.com\/watch?v=LRWH_xCVf3M)\" target=\"_blank\" rel=\"noopener\">Stargarder Zitterhals in Blau mit schwarzen Binden auf der Lipsia 2013<\/a><\/li>\n<li><a href=\"https:\/\/www.youtube.com\/watch?v=FDBoPJO6odk\" target=\"_blank\" rel=\"noopener\">Stargarder Zitterhals in Schwarz auf einer Austellsung in der USA<\/a><\/li>\n<li><a href=\"https:\/\/www.youtube.com\/watch?v=AmOc9sRPX1k\" target=\"_blank\" rel=\"noopener\">Stargarder Zitterhals in Rot auf einer Ausstellung in Frankreich<\/a><\/li>\n<li><a href=\"https:\/\/www.youtube.com\/watch?v=TF-9Vruz0Yk\" target=\"_blank\" rel=\"noopener\">Stargarder Zitterh\u00e4lse aus Bangladesh<\/a><\/li>\n<li><a href=\"https:\/\/www.youtube.com\/watch?v=wKacNonaYMI\" target=\"_blank\" rel=\"noopener\">Stargarder Zitterh\u00e4lse in Asien<\/a><\/li>\n<li><a href=\"https:\/\/www.youtube.com\/watch?v=pttb1SOvZB0\" target=\"_blank\" rel=\"noopener\">Stargarder Zitterhals nochmal aus Asien<\/a><\/li>\n<li><a href=\"https:\/\/www.youtube.com\/watch?v=cUgF0kHnLFg\" target=\"_blank\" rel=\"noopener\">Stargarder Zitterhals in Amerika<\/a><\/li>\n<\/ul>\n","protected":false},"excerpt":{"rendered":"<p>Wie bei vielen Taubenrassen, ist auch beim Stargarder T\u00fcmmler nicht klar belegt, wann und wie sie entstanden sind. Zirka um [&hellip;]<\/p>\n","protected":false},"author":1,"featured_media":0,"parent":0,"menu_order":0,"comment_status":"closed","ping_status":"closed","template":"","meta":{"cybocfi_hide_featured_image":"","footnotes":""},"class_list":["post-33","page","type-page","status-publish","hentry"],"_links":{"self":[{"href":"https:\/\/sv-stargarder.de\/index.php?rest_route=\/wp\/v2\/pages\/33","targetHints":{"allow":["GET"]}}],"collection":[{"href":"https:\/\/sv-stargarder.de\/index.php?rest_route=\/wp\/v2\/pages"}],"about":[{"href":"https:\/\/sv-stargarder.de\/index.php?rest_route=\/wp\/v2\/types\/page"}],"author":[{"embeddable":true,"href":"https:\/\/sv-stargarder.de\/index.php?rest_route=\/wp\/v2\/users\/1"}],"replies":[{"embeddable":true,"href":"https:\/\/sv-stargarder.de\/index.php?rest_route=%2Fwp%2Fv2%2Fcomments&post=33"}],"version-history":[{"count":7,"href":"https:\/\/sv-stargarder.de\/index.php?rest_route=\/wp\/v2\/pages\/33\/revisions"}],"predecessor-version":[{"id":849,"href":"https:\/\/sv-stargarder.de\/index.php?rest_route=\/wp\/v2\/pages\/33\/revisions\/849"}],"wp:attachment":[{"href":"https:\/\/sv-stargarder.de\/index.php?rest_route=%2Fwp%2Fv2%2Fmedia&parent=33"}],"curies":[{"name":"wp","href":"https:\/\/api.w.org\/{rel}","templated":true}]}}