{"id":32,"date":"2021-04-06T13:10:47","date_gmt":"2021-04-06T13:10:47","guid":{"rendered":"https:\/\/sv-stargarder.de\/?page_id=32"},"modified":"2021-07-17T16:13:51","modified_gmt":"2021-07-17T16:13:51","slug":"pommersche-schaukappen","status":"publish","type":"page","link":"https:\/\/sv-stargarder.de\/?page_id=32","title":{"rendered":"Pommersche Schaukappen"},"content":{"rendered":"\n\n\n<p>\u00a0<\/p>\n<p><span style=\"font-size: large;\">Charakteristisches Rassemerkmal dieses in Pommern Anfang\u00a0 des 19. Jahrhunderts erz\u00fcchteten mittelgro\u00dfen T\u00fcmmlers, sind seine \u00fcber den Augen, mindestens 5 mm breit abstehenden Augenschirme. Urspr\u00fcnglich nur in Wei\u00df anerkannt, kamen zum<img loading=\"lazy\" decoding=\"async\" class=\"size-medium wp-image-157 alignright\" src=\"https:\/\/sv-stargarder.de\/wp-content\/uploads\/2021\/04\/Schaukappe2-289x300.jpg\" alt=\"\" width=\"289\" height=\"300\" srcset=\"https:\/\/sv-stargarder.de\/wp-content\/uploads\/2021\/04\/Schaukappe2-289x300.jpg 289w, https:\/\/sv-stargarder.de\/wp-content\/uploads\/2021\/04\/Schaukappe2-768x797.jpg 768w, https:\/\/sv-stargarder.de\/wp-content\/uploads\/2021\/04\/Schaukappe2.bmp 799w\" sizes=\"auto, (max-width: 289px) 100vw, 289px\" \/> Ende des letzten Jahrhunderts weitere sieben Farbenschl\u00e4ge hinzu. Seine Zucht stellt den Z\u00fcchter vor nicht allzu gro\u00dfe\u00a0 Herausforderungen, die Brut wird mit sehr viel Hingabe und Zuverl\u00e4ssigkeit betrieben. Feurig rote Augenr\u00e4nder, eine hoch angesetzte Rundhaube, die in gleichm\u00e4\u00dfig hoch sitzenden Rosetten endet machen den Reiz und die Sch\u00f6nheit der Kopfpunkte aus. Suchen Sie einen fluggewandten T\u00fcmmler mit Extravaganz, so ist die Pommersche Schaukappe die richtige Wahl.<\/span><\/p>\n<p>\u00a0<\/p>\n<p>\u00a0<\/p>\n<p>\u00a0<\/p>\n<p><strong data-rich-text-format-boundary=\"true\">Rassespezifische Berichte:<\/strong><\/p>\n\n\n\n<p><\/p>\n\n\n\n<p><\/p>\n\n\n<div class=\"pt-cv-wrapper\"><div class=\"pt-cv-view pt-cv-collapsible\" id=\"pt-cv-view-fb4e277hqz\"><div data-id=\"pt-cv-page-1\" class=\"pt-cv-page\" data-cvc=\"1\"><div class=\"panel-group\" id=\"846ebdbj8n\"><div class=\"panel panel-default pt-cv-content-item pt-cv-1-col\" >\r\n<div class=\"panel-heading pt-cv-title\">\r\n    <a class=\"panel-title\" data-toggle=\"cvcollapse\" data-parent=\"#846ebdbj8n\" data-target=\"#867d2bfl9w\" href='https:\/\/sv-stargarder.de\/?p=426' onclick='event.preventDefault()'>\r\n\t\tFarbtafel der Pommerschen Schaukappen\t<\/a>\r\n\t<\/div>\r\n<div id=\"867d2bfl9w\" class=\"panel-collapse collapse in\">\r\n\t<div class=\"panel-body\">\r\n\t\t<div class=\"pt-cv-content\">\u00dcbersicht der anerkannten Farbschl\u00e4ge der Pommerschen Schaukappen, wobei zu beachten ist, dass es sich nicht um Farbtauben handelt.\u00a0 Wei\u00dfAschfahlRotfahl mit ...<br \/><div class=\"pt-cv-rmwrap\"><a href=\"https:\/\/sv-stargarder.de\/?p=426\" class=\"_self pt-cv-readmore btn btn-success\" target=\"_self\">Weiterlesen \u2026<\/a><\/div><\/div>\t<\/div>\r\n<\/div><\/div>\n<div class=\"panel panel-default pt-cv-content-item pt-cv-1-col\" >\r\n<div class=\"panel-heading pt-cv-title\">\r\n    <a class=\"panel-title\" data-toggle=\"cvcollapse\" data-parent=\"#846ebdbj8n\" data-target=\"#6d3596cm6q\" href='https:\/\/sv-stargarder.de\/?p=319' onclick='event.preventDefault()'>\r\n\t\tBeschreibung der Pommerschen Schaukappen\t<\/a>\r\n\t<\/div>\r\n<div id=\"6d3596cm6q\" class=\"panel-collapse collapse \">\r\n\t<div class=\"panel-body\">\r\n\t\t<div class=\"pt-cv-content\">Eine kurze Beschreibung, sowie Schaubild der Pommerschen Schaukappen Gesamteindruck: Mittelgro\u00dfer T\u00fcmmler, der den Eindruck eines gewandten Fliegers macht. Auffallend sind ...<br \/><div class=\"pt-cv-rmwrap\"><a href=\"https:\/\/sv-stargarder.de\/?p=319\" class=\"_self pt-cv-readmore btn btn-success\" target=\"_self\">Weiterlesen \u2026<\/a><\/div><\/div>\t<\/div>\r\n<\/div><\/div><\/div><\/div><\/div><\/div>\n\n\n\n<p><\/p>\n\n\n\n<p>Einige Kurzfilme im Netz<\/p>\n\n\n\n<ul class=\"wp-block-list\"><li><a href=\"https:\/\/www.youtube.com\/watch?v=pVmLzYsXXUY&amp;feature=player_embedded\" target=\"_blank\" rel=\"noreferrer noopener\">Pommersche Schaukappen in Schwarz auf der Lipsia 2013<\/a><\/li><li><a href=\"https:\/\/www.youtube.com\/watch?v=pVmLzYsXXUY&amp;feature=player_embedded\" target=\"_blank\" rel=\"noreferrer noopener\">Pommersche Schaukappen in Wei\u00df auf einer Ausstellung in Frankreich<\/a><\/li><li><a href=\"https:\/\/www.youtube.com\/watch?v=seut32apSio)\" target=\"_blank\" rel=\"noreferrer noopener\">Pommersche Schaukappen in Wei\u00df in Dortmund 2013<\/a><\/li><\/ul>\n","protected":false},"excerpt":{"rendered":"<p>\u00a0 Charakteristisches Rassemerkmal dieses in Pommern Anfang\u00a0 des 19. Jahrhunderts erz\u00fcchteten mittelgro\u00dfen T\u00fcmmlers, sind seine \u00fcber den Augen, mindestens 5 [&hellip;]<\/p>\n","protected":false},"author":1,"featured_media":0,"parent":0,"menu_order":0,"comment_status":"closed","ping_status":"closed","template":"","meta":{"cybocfi_hide_featured_image":"","footnotes":""},"class_list":["post-32","page","type-page","status-publish","hentry"],"_links":{"self":[{"href":"https:\/\/sv-stargarder.de\/index.php?rest_route=\/wp\/v2\/pages\/32","targetHints":{"allow":["GET"]}}],"collection":[{"href":"https:\/\/sv-stargarder.de\/index.php?rest_route=\/wp\/v2\/pages"}],"about":[{"href":"https:\/\/sv-stargarder.de\/index.php?rest_route=\/wp\/v2\/types\/page"}],"author":[{"embeddable":true,"href":"https:\/\/sv-stargarder.de\/index.php?rest_route=\/wp\/v2\/users\/1"}],"replies":[{"embeddable":true,"href":"https:\/\/sv-stargarder.de\/index.php?rest_route=%2Fwp%2Fv2%2Fcomments&post=32"}],"version-history":[{"count":6,"href":"https:\/\/sv-stargarder.de\/index.php?rest_route=\/wp\/v2\/pages\/32\/revisions"}],"predecessor-version":[{"id":362,"href":"https:\/\/sv-stargarder.de\/index.php?rest_route=\/wp\/v2\/pages\/32\/revisions\/362"}],"wp:attachment":[{"href":"https:\/\/sv-stargarder.de\/index.php?rest_route=%2Fwp%2Fv2%2Fmedia&parent=32"}],"curies":[{"name":"wp","href":"https:\/\/api.w.org\/{rel}","templated":true}]}}

<p> </p>
<p><span style="font-size: large;">Charakteristisches Rassemerkmal dieses in Pommern Anfang  des 19. Jahrhunderts erzüchteten mittelgroßen Tümmlers, sind seine über den Augen, mindestens 5 mm breit abstehenden Augenschirme. Ursprünglich nur in Weiß anerkannt, kamen zum<img loading="lazy" decoding="async" class="size-medium wp-image-157 alignright" src="https://sv-stargarder.de/wp-content/uploads/2021/04/Schaukappe2-289x300.jpg" alt="" width="289" height="300" srcset="https://sv-stargarder.de/wp-content/uploads/2021/04/Schaukappe2-289x300.jpg 289w, https://sv-stargarder.de/wp-content/uploads/2021/04/Schaukappe2-768x797.jpg 768w, https://sv-stargarder.de/wp-content/uploads/2021/04/Schaukappe2.bmp 799w" sizes="auto, (max-width: 289px) 100vw, 289px" /> Ende des letzten Jahrhunderts weitere sieben Farbenschläge hinzu. Seine Zucht stellt den Züchter vor nicht allzu große  Herausforderungen, die Brut wird mit sehr viel Hingabe und Zuverlässigkeit betrieben. Feurig rote Augenränder, eine hoch angesetzte Rundhaube, die in gleichmäßig hoch sitzenden Rosetten endet machen den Reiz und die Schönheit der Kopfpunkte aus. Suchen Sie einen fluggewandten Tümmler mit Extravaganz, so ist die Pommersche Schaukappe die richtige Wahl.</span></p>
<p> </p>
<p> </p>
<p> </p>
<p><strong data-rich-text-format-boundary="true">Rassespezifische Berichte:</strong></p>



<p></p>



<p></p>


<div class="pt-cv-wrapper"><div class="pt-cv-view pt-cv-collapsible" id="pt-cv-view-fb4e277hqz"><div data-id="pt-cv-page-1" class="pt-cv-page" data-cvc="1"><div class="panel-group" id="846ebdbj8n"><div class="panel panel-default pt-cv-content-item pt-cv-1-col" >
<div class="panel-heading pt-cv-title">
    <a class="panel-title" data-toggle="cvcollapse" data-parent="#846ebdbj8n" data-target="#867d2bfl9w" href='https://sv-stargarder.de/?p=426' onclick='event.preventDefault()'>
		Farbtafel der Pommerschen Schaukappen	</a>
	</div>
<div id="867d2bfl9w" class="panel-collapse collapse in">
	<div class="panel-body">
		<div class="pt-cv-content">Übersicht der anerkannten Farbschläge der Pommerschen Schaukappen, wobei zu beachten ist, dass es sich nicht um Farbtauben handelt.  WeißAschfahlRotfahl mit ...<br /><div class="pt-cv-rmwrap"><a href="https://sv-stargarder.de/?p=426" class="_self pt-cv-readmore btn btn-success" target="_self">Weiterlesen …</a></div></div>	</div>
</div></div>
<div class="panel panel-default pt-cv-content-item pt-cv-1-col" >
<div class="panel-heading pt-cv-title">
    <a class="panel-title" data-toggle="cvcollapse" data-parent="#846ebdbj8n" data-target="#6d3596cm6q" href='https://sv-stargarder.de/?p=319' onclick='event.preventDefault()'>
		Beschreibung der Pommerschen Schaukappen	</a>
	</div>
<div id="6d3596cm6q" class="panel-collapse collapse ">
	<div class="panel-body">
		<div class="pt-cv-content">Eine kurze Beschreibung, sowie Schaubild der Pommerschen Schaukappen Gesamteindruck: Mittelgroßer Tümmler, der den Eindruck eines gewandten Fliegers macht. Auffallend sind ...<br /><div class="pt-cv-rmwrap"><a href="https://sv-stargarder.de/?p=319" class="_self pt-cv-readmore btn btn-success" target="_self">Weiterlesen …</a></div></div>	</div>
</div></div></div></div></div></div>



<p></p>



<p>Einige Kurzfilme im Netz</p>



<ul class="wp-block-list"><li><a href="https://www.youtube.com/watch?v=pVmLzYsXXUY&amp;feature=player_embedded" target="_blank" rel="noreferrer noopener">Pommersche Schaukappen in Schwarz auf der Lipsia 2013</a></li><li><a href="https://www.youtube.com/watch?v=pVmLzYsXXUY&amp;feature=player_embedded" target="_blank" rel="noreferrer noopener">Pommersche Schaukappen in Weiß auf einer Ausstellung in Frankreich</a></li><li><a href="https://www.youtube.com/watch?v=seut32apSio)" target="_blank" rel="noreferrer noopener">Pommersche Schaukappen in Weiß in Dortmund 2013</a></li></ul>

<p>  Charakteristisches Rassemerkmal dieses in Pommern Anfang  des 19. Jahrhunderts erzüchteten mittelgroßen Tümmlers, sind seine über den Augen, mindestens 5 [&hellip;]</p>
